2)*12/16?
20
Let v = 12 - -7. Let h = v + -11. What is the remainder when 13 is divided by h?
5
Let d = 52 + -48. Calculate the remainder when 6 is divided by d.
2
Let j(f) = -8*f - 1. Let a be (1/2)/((-3)/(-12)). Suppose -3*q - a = 10. Calculate the remainder when j(q) is divided by 11.
9
Let u = 68 - -69. Calculate the remainder when u is divided by 28.
25
Suppose 2*f - 10*b - 262 = -13*b, 262 = 2*f - b. Calculate the remainder when f is divided by 33.
32
Let x(l) = l + 7. Suppose 0 = q - 0*q - 7. What is the remainder when q is divided by x(-4)?
1
Let u(o) = o - 2. Let f be u(6). Let k be 3 + 95 + 1/(-1). Suppose -f*x = -k - 43. What is the remainder when x is divided by 12?
11
Suppose -1 = 3*t - 13. Calculate the remainder when 18 is divided by t.
2
Suppose 3*f - 39 = 3*y, -4*f + 93 = y + 31. Calculate the remainder when f is divided by 8.
7
Suppose 0*v = 5*v + 3*u - 89, 0 = 5*v - u - 97. What is the remainder when v is divided by 1*((-15)/(-20) - (-82)/8)?
8
Let p = -73 - -127. What is the remainder when p is divided by 19?
16
Suppose -66 = -3*f + f. Let w = f - 23. What is the remainder when 29 is divided by w?
9
Suppose p - o - 50 = -p, 4*o - 53 = -3*p. What is the remainder when p is divided by 6?
5
Let c(k) = 2*k**2 + 6*k + 3. What is the remainder when c(-6) is divided by 20?
19
Let t = 91 - 37. Calculate the remainder when t is divided by 28.
26
Let b(k) = k**3 + 9*k**2 - 6*k + 13. Let d be b(-9). Let h = d - 34. Calculate the remainder when h is divided by 17.
16
Suppose 3*r = -4*f + 128 - 1, 5*f = 2*r - 77. Calculate the remainder when r is divided by 11.
8
Let v(u) = 2*u - 10. Suppose 0 = 8*m - 3*m - 55. Calculate the remainder when 34 is divided by v(m).
10
Suppose 29*b = 8*b + 546. Suppose 3*c - 45 = -2*c. Calculate the remainder when b is divided by c.
8
Let t(x) = -x**3 + 10*x**2 + 6*x - 8. What is the remainder when t(10) is divided by 14?
10
Let s(a) = -15*a**2 + a - 1. Let h be s(1). What is the remainder when ((-10)/h)/((-2)/(-15)) is divided by 3?
2
Let v(u) = -u**3 - 5*u**2 + 4*u + 5. Calculate the remainder when 31 - 1*(1 - 1) is divided by v(-6).
14
Let n = -16 + 36. Suppose -5*p = 4*m - 0*p + n, p + 4 = -5*m. Suppose m = -0*f - 2*f + 26. What is the remainder when 24 is divided by f?
11
Suppose 3*h + 18 = 6*h. Let y = h - 8. Calculate the remainder when 3 - (-3 - y)*2 is divided by 2.
1
Suppose -2*b + 5*w = 5 + 11, 0 = -w + 2. Calculate the remainder when 45 is divided by (3 + 7/b)*18.
9
Let w = -74 - -130. What is the remainder when w is divided by 20?
16
What is the remainder when -4 - (-4 - 0) - -85 is divided by 29?
27
Let j be 18/(-4) + (-1)/2. Suppose 2*t + 1 = 3. Calculate the remainder when 18 is divided by j/(-4)*(t + 7).
8
Let i(d) = d + 6. Let h be i(6). Suppose 53 = y + h. What is the remainder when y is divided by 14?
13
Let w be 4/18 - (-50)/18. Suppose -2 - 43 = w*q. Calculate the remainder when 16 is divided by (q/10)/(2/(-8)).
4
Suppose 239 = -x + 23. What is the remainder when 25 is divided by 4/6*x/(-16)?
7
Suppose 2*m - 72 - 14 = 0. What is the remainder when m is divided by 15?
13
Let t(r) = r + 4. Suppose 2*x = 2*n, 4*x + 2 = -14. Let p be t(n). Suppose 2*h - 116 = -p*h. Calculate the remainder when h is divided by 20.
18
Let d(m) = m**3 - 4*m**2 + 4*m + 3. Suppose 0*q + 20 = q - 4*c, 5*q - 5*c = 160. What is the remainder when q is divided by d(4)?
17
Suppose -k - 10 = 3*c - 41, 4*k = 4*c + 92. Suppose 2*x = x + 5*m + 8, -5*x - 5*m = -70. Calculate the remainder when k is divided by x.
12
Let r = -10 - -39. Let n(a) = -a**3 + 10*a**2 - a - 2. Let t be n(10). Calculate the remainder when r is divided by (t/(-10))/(6/40).
5
Let k = -21 - -43. Calculate the remainder when 41 is divided by k.
19
Calculate the remainder when 33 is divided by (-4)/14 + 602/49.
9
Let g = 45 - 31. Let d be (-44)/10 + (-21)/35. Let f(p) = -p**3 - 5*p**2 - 6*p - 4. Calculate the remainder when f(d) is divided by g.
12
Suppose 18 = 2*m + 5*f + 5, 2*m + 2*f - 22 = 0. Let b = -171 - -211. What is the remainder when b is divided by m?
12
Suppose -j + 4*y - 3*y = -42, -3*j - 3*y = -150. Calculate the remainder when j is divided by 17.
12
Let f(r) = 7*r + 18. Calculate the remainder when f(9) is divided by 14.
11
Let q(i) = i**3 - 9*i**2 + 12*i - 20. Let k = -68 - -162. Suppose -3*x + 8 + k = 0. Calculate the remainder when x is divided by q(8).
10
Let h(f) = -f + 9. Calculate the remainder when 27 is divided by h(-5).
13
Suppose 77 = 11*k - 0. Calculate the remainder when 33 is divided by k.
5
Suppose -3*a + 6*j + 116 = 4*j, 0 = 5*j + 20. Suppose -5*c + a = 2*q, -2*q = 3*q + 4*c - 90. Let v = q - 8. What is the remainder when v is divided by 4?
2
Let l(c) = -2*c + 7. Let m = 8 + 0. Calculate the remainder when l(-4) is divided by m.
7
Let f(r) = 2*r**2 + 4*r - 3. Suppose 7 = -2*a + 1. Calculate the remainder when 24/(a + (2 - -2)) is divided by f(-4).
11
Let d = 52 - 31. Suppose 2*t = d + 23. Calculate the remainder when t is divided by 8.
6
Let i(o) = -5*o**3 + o. Let d be i(1). Let q be 1*d*(-1)/2. Suppose 0 = -u, q*j + 4*u - 4 = -2*j. Calculate the remainder when 3 is divided by j.
0
Let j be ((-26)/5)/((-5)/50). Suppose 0*c = -4*c + j. Calculate the remainder when c is divided by 3.
1
Suppose -6*t + 3*t = -516. Suppose -t = -2*q - 2*q. What is the remainder when q is divided by 15?
13
Let k = -6 + 15. Suppose -k = -3*b - 3. Suppose -3*a + 71 = b*u, a - 4 = -3. Calculate the remainder when u is divided by 18.
16
What is the remainder when 40 is divided by -3 + 2 - (-3 + 3 - 12)?
7
Let j = 52 + -30. Calculate the remainder when j is divided by 6.
4
Let t(c) = -c**3 - 8*c**2 + 7*c - 2. Let h be 1/4 + (-185)/20. What is the remainder when (-3)/(4/(552/(-9))) is divided by t(h)?
14
Let c(g) = -g**2 + 2*g + 11. What is the remainder when c(4) is divided by 2?
1
Let p = -5 + 11. Let o(j) = -j**3 + 5*j**2 + 5*j - 6. Let c be o(5). Suppose 45 = 4*b - c. What is the remainder when b is divided by p?
4
Suppose -3*w + w = -164. Calculate the remainder when ((-82)/(-8))/(-1)*-4 is divided by w/6 - (-3)/9.
13
Let l be (-325)/(-30) - 2/(-12). Suppose -m = -0*m - l. What is the remainder when 30 is divided by m?
8
What is the remainder when 1*7*(1 + 177/21) is divided by 14?
10
Let f = 193 + -110. Let b = f + -56. Calculate the remainder when b is divided by 14.
13
Suppose -410 = -13*p + 8*p. Calculate the remainder when p is divided by 21.
19
Let w = 8 - 4. Suppose w*k = -0 + 8. Suppose s + k*s = 9. Calculate the remainder when 5 is divided by s.
2
Suppose 0 = 4*s + 1668 - 492. Let d be (2/6)/((-2)/s). Let u = d - 32. Calculate the remainder when u is divided by 6.
5
Let l(k) = -4*k - 3*k - 5*k + 15*k. Let m = 165 - 118. What is the remainder when m is divided by l(4)?
11
Let b be 13 - 0/(0 - -2). Let p = b + -9. Suppose 3*q + 3*d - 12 = 0, 4 = p*q - 5*q + 3*d. Calculate the remainder when 2 is divided by q.
0
What is the remainder when 52 is divided by (-2)/(-3) - (-80)/6?
10
What is the remainder when 28 is divided by 2/(-10)*-5 + 5?
4
Suppose 72 = 6*u - 0*u. Suppose 0 = 5*s - s. Suppose t - 3*a - 1 = s, t - a - 17 = -6*a. What is the remainder when u is divided by t?
5
Suppose -5*b + 6 + 4 = 0. What is the remainder when 5 is divided by b?
1
Suppose i + 7 = -4*l + 87, -l - 3*i + 31 = 0. Suppose -2*d - 5*r = -52 - 22, 0 = -4*r. Calculate the remainder when d is divided by l.
18
Suppose 0 = 5*y - 4 - 56. Calculate the remainder when 8/(-4) - (2 - 27) is divided by y.
11
Let b(c) = -4*c - 6. Let u(v) = -v**3 + 6*v**2 - 3*v - 6. Suppose 4*h + 3*m - 23 = 6*m, 5*h - 30 = 5*m. Calculate the remainder when b(-4) is divided by u(h).
2
Let p be (-188)/(-6) - 6/(-9). Suppose -c - c = -p. What is the remainder when 47 is divided by c?
15
Suppose 5*t - 2*q = -0*q - 10, -5*q = -3*t + 13. Let h = 9 + t. Suppose -h*c + 11 = -4*c. Calculate the remainder when c is divided by 3.
2
Suppose -a = 3*a - 28. Let g(z) = -z**3 + 6*z**2 + 7*z - 4. Let v be g(a). Calculate the remainder when 13 is divided by (-3 - v)/(1/7).
6
Suppose -4*p - 3*d = -10, 0 = -2*p + d - 0*d + 10. Suppose -p*k + 4 = -4. Calculate the remainder when 20 - (-3)/(k - -1) is divided by 11.
10
Let d = 6 + -3. Suppose -d*n - 18 = -117. Calculate the remainder when n is divided by 9.
